1*u**2 - 495*u + 45055. Determine z(91).
10
Let n(i) = -i**3 - 71*i**2 + 231*i - 1303. Determine n(-74).
-1969
Let q(r) = 7*r**2 + 313*r + 1176. Calculate q(-29).
-2014
Let c(q) = -705617*q + 1411239. Determine c(2).
5
Let c(y) = 2*y**3 + 225*y**2 - 562*y + 1507. Give c(-115).
12
Let r(c) = -3640*c - 990054. What is r(-272)?
26
Let q(h) = 515*h - 11217. What is q(22)?
113
Let a(h) = 14*h**2 - 4730*h - 741. Give a(338).
-65
Let r(t) = -8138*t - 659165. Give r(-81).
13
Let p(w) = -3*w**3 - 17*w**2 - 67*w - 158. Determine p(-5).
127
Let l(m) = -34*m**3 - 61*m**2 + 416*m - 352. Determine l(1).
-31
Let r(g) = 2721*g - 179597. Calculate r(66).
-11
Let c(k) = 2248*k + 9334. What is c(-4)?
342
Let c(l) = 1158*l - 84488. Give c(73).
46
Let a(h) = 17*h**3 + 21*h**2 - 355*h - 2572. What is a(-6)?
-3358
Let b(j) = -454*j + 8324. What is b(17)?
606
Let m(s) = 4*s**3 - 46*s**2 + 189*s - 594. Determine m(8).
22
Let m(g) = -12*g**2 + 15802*g - 247193. Calculate m(1301).
-3
Let f(q) = 1557*q - 200804. Calculate f(129).
49
Let k(q) = 21*q**2 + 676*q - 1301. Determine k(-34).
-9
Let i(m) = 2*m**3 - 27*m**2 + 152*m - 637. Calculate i(9).
2
Let q(t) = -2*t**3 + 67*t**2 - 363*t - 597. Give q(9).
105
Let b(r) = -870*r**2 + 7124*r - 73. What is b(8)?
1239
Let v(x) = -x**3 - 882*x**2 - 18907*x + 11195. Give v(-860).
15
Let f(l) = -3312*l + 22842. What is f(7)?
-342
Let n(r) = -r**3 + 3*r**2 + 137*r + 627. What is n(-5)?
142
Let g(q) = -846*q + 30536. Calculate g(36).
80
Let u(m) = -2432*m + 58424. Give u(24).
56
Let n(h) = 2831*h - 70732. What is n(25)?
43
Let u(w) = -3462*w + 124562. What is u(36)?
-70
Let k(q) = 31*q - 715. What is k(57)?
1052
Let q(r) = 8270*r - 32938. Calculate q(4).
142
Let q(g) = -660*g - 161081. Give q(-244).
-41
Let q(d) = 2*d**2 - 43309*d + 1081479. Determine q(25).
4
Let j(f) = -f**3 - 61*f**2 + 487*f + 750. Determine j(-68).
2
Let i(c) = 57366*c - 401591. Determine i(7).
-29
Let m(x) = 167*x + 11166. Give m(-70).
-524
Let m(b) = 675*b**2 - 151877*b + 316. Give m(225).
-134
Let q(c) = c**2 + 2596*c - 47065. What is q(18)?
-13
Let a(m) = m**2 - 43*m - 613. Calculate a(-9).
-145
Let z(k) = 1007*k - 60327. Calculate z(60).
93
Let j(o) = 1508*o - 82918. Determine j(55).
22
Let c(i) = -2*i**3 + 21882*i**2 + 131365*i - 3. Determine c(-6).
-9
Let b(c) = -9*c**2 - 692*c + 5921. Calculate b(-86).
-1131
Let t(w) = 15759*w - 47288. Calculate t(3).
-11
Let s(n) = 1316*n + 1596. Determine s(3).
5544
Let r(j) = -542*j - 10157. Determine r(-16).
-1485
Let c(q) = 205780*q - 1852066. Calculate c(9).
-46
Let n(s) = -363440*s + 3997843. Give n(11).
3
Let l(o) = -452*o + 85099. Give l(191).
-1233
Let y(c) = 6325*c - 1157487. What is y(183)?
-12
Let i(r) = 603*r + 266186. What is i(-443)?
-943
Let f(s) = -892*s**2 - 1846*s - 120. Give f(-2).
4
Let q(w) = 2*w**2 + 248*w + 658. Give q(-105).
-3332
Let q(c) = 2*c**2 + 170*c + 3346. What is q(-55)?
46
Let r(b) = 4*b**3 - 320*b**2 + 647*b + 57. Determine r(78).
1851
Let a(m) = -281*m + 29256. Give a(104).
32
Let b(f) = 235*f**2 - 575*f + 1149. Determine b(2).
939
Let s(b) = b**2 + 5321*b + 542577. Determine s(-104).
9
Let l(b) = -953*b - 649. Give l(0).
-649
Let a(k) = 225*k**2 - 923*k + 89. Determine a(4).
-3
Let f(y) = 16*y**2 + 355*y + 660. Give f(-10).
-1290
Let l(b) = -3*b**3 - 24*b**2 + 34*b - 14. Give l(-8).
-286
Let p(w) = 6*w**3 - 517*w**2 + 1093*w - 87. Determine p(84).
-3
Let u(s) = -s**3 + 4*s**2 + 38*s + 70. Determine u(10).
-150
Let s(z) = 52392*z + 52417. Calculate s(-1).
25
Let p(j) = -3*j**3 + 1573*j**2 - 1833*j - 135456. Calculate p(523).
1
Let k(l) = 300*l**3 + 13501*l**2 + 50*l + 227. Determine k(-45).
2
Let m(z) = -z**3 + 43*z**2 + 198*z - 3091. Calculate m(46).
-331
Let x(t) = -t**3 + 106*t**2 - 206*t - 201. Determine x(104).
7
Let g(i) = -2*i**3 + 200*i**2 + 159*i + 4406. What is g(101)?
63
Let c(i) = i**3 - 4772*i + 382. Determine c(-69).
1141
Let m(s) = -s**2 - 2723*s + 65694. Give m(24).
-234
Let z(i) = -1231*i + 72480. Determine z(59).
-149
Let b(c) = -2*c**3 + 70*c**2 - 123*c - 59. Determine b(33).
238
Let h(b) = -1320*b - 67654. What is h(-51)?
-334
Let q(g) = -3*g**3 + 146*g**2 - 492*g - 41. Calculate q(45).
94
Let y(j) = j**2 - 12*j - 76. What is y(25)?
249
Let o(j) = -48506*j + 145539. Determine o(3).
21
Let h(j) = -j**3 - 205*j**2 + 12*j - 39936. Determine h(-206).
28
Let f(h) = -188*h**2 + 262*h + 3384. Determine f(5).
-6
Let b(z) = -z**3 + 43*z**2 + 661*z - 103. Give b(55).
-48
Let y(u) = -50*u + 4557. What is y(108)?
-843
Let n(g) = 13*g**3 + 31*g**2 - 2023*g - 4062. Give n(-2).
4
Let m(u) = 11*u**2 - 43673*u - 130996. What is m(-3)?
122
Let r(v) = -32800*v + 951284. Give r(29).
84
Let f(n) = n**2 - 27095*n + 622934. Give f(23).
278
Let q(g) = -g**3 - 142*g**2 - 2399*g - 4641. Calculate q(-17).
17
Let h(v) = 11*v**2 + 1208*v - 5009. Give h(4).
-1
Let w(i) = i**3 + 36*i**2 - 89*i - 380. What is w(-34)?
4958
Let b(c) = 2597*c - 239040. Determine b(92).
-116
Let p(c) = 48*c**3 + 113*c**2 + 25*c + 6. Give p(-2).
24
Let s(q) = 3*q**3 + 5*q**2 - 326*q - 663. Calculate s(-2).
-15
Let c(n) = -3462*n + 127649. Determine c(37).
-445
Let u(l) = 9363*l**2 + 56150*l - 52. Give u(-6).
116
Let o(q) = 45*q - 2106. What is o(39)?
-351
Let i(t) = t**3 - 131*t**2 - 3358*t - 35. Give i(-22).
-211
Let t(l) = 2*l**2 - 3213*l + 19212. Give t(6).
6
Let n(l) = -2*l**3 - 13*l**2 + 6206*l + 633. Determine n(-59).
-16
Let f(p) = -p**2 + 2136*p + 12878. Determine f(-6).
26
Let n(t) = -t**3 - 13*t**2 + 879*t + 2716. Give n(-3).
-11
Let w(q) = 3*q**3 + 191*q**2 - 107*q - 2790. Calculate w(-64).
-38
Let c(s) = -5*s**3 + 12*s**2 - 84*s + 658. Give c(6).
-494
Let s(n) = -7*n**2 + 603*n + 5262. Calculate s(-8).
-10
Let l(n) = 56*n**2 + 33*n + 117. Give l(-3).
522
Let w(p) = -46*p + 2109. What is w(56)?
-467
Let q(l) = 60*l - 3782. What is q(63)?
-2
Let c(r) = 7959*r - 748104. Give c(94).
42
Let g(u) = 33*u**2 - 474*u + 453. Give g(1).
12
Let d(v) = -120*v**3 + 25*v**2 - 93*v + 80. Determine d(2).
-966
Let t(j) = 3*j**2 + 438*j + 6760. Calculate t(-17).
181
Let g(o) = o**3 + 231*o**2 + 159*o - 17067. Calculate g(-230).
-737
Let o(b) = 19*b**2 + 1565*b + 432. Calculate o(-82).
-142
Let k(i) = -15071*i - 10790852. Give k(-716).
-16
Let i(v) = -4*v**3 + 1569*v**2 - 421*v + 11942. Give i(392).
574
Let h(j) = -2*j**3 - 163*j**2 + 2997*j - 994. What is h(-97)?
-24
Let j(a) = 450*a + 56014. Determine j(-126).
-686
Let k(j) = 2485*j**2 + 63*j - 63. What is k(1)?
2485
Let n(f) = 936*f - 18750. Calculate n(20).
-30
Let p(k) = 52286*k + 1411729. Calculate p(-27).
7
Let m(a) = 20*a**2 + 150*a + 190. Determine m(-3).
-80
Let g(i) = 99*i**2 + 19*i - 65. Calculate g(1).
53
Let j(t) = -2241*t - 4401. Determine j(-2).
81
Let k(g) = -g**2 - 151533*g + 909272. Calculate k(6).
38
Let c(x) = x**3 - 97*x**2 + 1807*x - 503. Calculate c(72).
1
Let u(r) = 417*r**2 - 6270*r + 228. Calculate u(15).
3
Let a(m) = -9*m**2 - 9*m - 122. Give a(-14).
-1760
Let k(w) = -3044*w - 179589. Give k(-59).
7
Let h(y) = 191*y + 6562. Determine h(-35).
-123
Let u(n) = -n**2 + 3460*n - 1911295. Calculate u(690).
5
Let d(x) = x**2 + 289*x + 12797. Determine d(-234).
-73
Let f(l) = -1550*l + 19965. Give f(13).
-185
Let v(d) = -6300*d - 1934087. Determine v(-307).
13
Let x(g) = -495*g + 133709. Calculate x(270).
59
Let o(q) = -q**2 - 311*q + 6361. Give o(20).
-259
Let n(o) = -o**3 + 327*o**2 + 1359*o - 11569. What is n(331)?
16
Let o(w) = -1296*w - 4156. Give o(-2).
-1564
Let s(u) = u**3 + 16*u**2 - 3183*u - 44. What is s(-65)?
-174
Let m(f) = -24*f**2 + 3446*f - 8769. Give m(141).
-27
Let v(s) = 2*s**3 - 17*s**2 + 40*s + 30. What is v(8)?
286
Let s(p) = -3047*p + 37084. What is s(12)?
520
Let u(m) = 46*m**3 + 10*m**2 + 11*m + 16. Give u(-3).
-1169
Let m(j) = -10*j**3 - 172*j**2 + 6*j + 672. Calculate m(-17).
-8
Let u(i) = -4*i**3 + 114*i**2 + 183*i - 76. Calculate u(30).
14
Let h(g) = -5*g**2 + 190*g + 2937. What is h(-14)?
-703
Let p(c) = 2*c**3 + 22*c**2 - 185*c - 1471. What is p(-6)?
-1
Let a(c) = -c**3 - 296*c**2 + 40*c + 98830. Calculate a(-295).
5
Let g(l) = -440*l**2 + 2693*l + 12. Calculate g(6).
330
Let d(u) = -5*u**2 + 183*u + 817. Give d(-4).
5
Let v(n) = -9579*n + 47992. Determine v(5).
97
Let w(g) = g**2 + 395*g + 17244. Determine w(-50).
-6
Let